6/(-5))/(6/(-45)). Let a be (-3)/6*(-3 - -19). Let c(t) = t**2 + 4*t + 4. Let d be c(a). Calculate the highest common factor of r and d.
18
Suppose -235 = -2*j - 2*g + 7*g, -3*j - g = -327. What is the highest common factor of j and 22?
22
Suppose -925 = -5*b - 3*k, -5*b + 448 = -5*k - 477. Let u = -186 + 260. What is the highest common divisor of b and u?
37
Let u = -1791 + 3026. What is the greatest common divisor of 65 and u?
65
Suppose -2*w - 60 = -p, 0*p - p - w = -54. What is the greatest common divisor of p and 378?
14
Let a be (-3)/(-4) - (-78)/24. Suppose -4*i = 2*p - 3 + 5, -5*p + 37 = -a*i. Suppose -p*n + 70 = -0*n. Calculate the highest common divisor of n and 21.
7
Suppose 40*j - 660 = 660. Let r = -21 + 43. Calculate the highest common factor of j and r.
11
Suppose -3*r - 66 + 69 = 0. Calculate the highest common divisor of r and 151.
1
Suppose 4*a = 4, 0 = -4*x - a - 2*a + 39. Suppose -s = 3*l - 10, 2*s - s + 2*l = x. Calculate the greatest common divisor of s and 49.
7
Let m(n) = -7*n - 13. Let r(v) = 6 + 9*v + 13*v + 32. Let q(y) = -8*m(y) - 3*r(y). Let p be q(-6). What is the greatest common divisor of p and 20?
10
Let w = -58 + 87. Let p = -95 - -211. Calculate the highest common divisor of w and p.
29
Suppose 314 = 19*s + 162. Calculate the greatest common factor of 1016 and s.
8
Let y be (-20)/(-6)*90/4. Suppose v + 49 = 5*i - 27, 19 = i - 4*v. What is the highest common factor of y and i?
15
Let j = 613 + -526. What is the highest common factor of j and 957?
87
Let i(j) = -j**2 - 19*j + 5. Let v be i(-15). Let h = v + -37. Let k be (-71)/(-5) - 1/5. Calculate the highest common factor of k and h.
14
Suppose 38 = -3*q - 4*k + 6, 4*q - 2*k + 6 = 0. Let w be (q/1)/(3/(-6)). What is the greatest common divisor of w and 72?
8
Suppose -8 + 23 = 5*l. Suppose -x - l = -9. Let m be (-2 - x*-2) + 3. What is the highest common divisor of 13 and m?
13
Let x(d) = -d**2 + 8*d + 22. Let o be x(10). Suppose o*t + 4 = 0, 2*t + t = 5*h - 76. Suppose 6*l - 4 = h. Calculate the greatest common divisor of l and 33.
3
Let p be (-1)/2*(7 - -1). Let j = 71 - 77. Let m = p - j. What is the highest common factor of m and 2?
2
Suppose -60 = 3*v - 7*v. Suppose -5*t + v = o - 64, 0 = 5*t - 5*o - 55. What is the greatest common divisor of t and 6?
3
Let n = 41 + -47. Let b be (2 - (-40)/(-15))*9/n. What is the greatest common divisor of b and 12?
1
Let p(l) = 18*l - 112. Let a be p(8). What is the greatest common divisor of a and 736?
32
Suppose -3*z + 0*j - 4*j - 19 = 0, 0 = 2*z - 4*j + 26. Let p be 8/36 - 898/z. Let r = p + -71. What is the greatest common factor of 319 and r?
29
Let v = 2189 - 2141. What is the greatest common factor of v and 1176?
24
Let a be (-34)/4 - 15/(-6). Let f be (-3)/((-1*9/a)/(-9)). Calculate the highest common divisor of 72 and f.
18
Let a be ((-8)/6)/(8 - 148/18). What is the greatest common divisor of 138 and a?
6
Suppose 336 = -4*q - 2*v - 54, -3*q = 4*v + 280. Let k = 168 + q. Calculate the greatest common factor of k and 4.
4
Let g(q) = -q**3 + 24*q**2 + 2*q - 46. Let l be g(24). Suppose -5*t + 3*c = -l*c - 115, -5*t = -c - 111. What is the highest common divisor of t and 33?
11
Let o be (-1 + 0 - -2) + 95. Suppose 4*p = 11*p - 420. Suppose 14*h - 19*h + p = 0. Calculate the highest common factor of h and o.
12
Suppose -5*a + 3 = 8, 2*u = -5*a + 43. Let i be (-36)/27 - (-38)/6. Suppose 0 = 3*r - i*r + 24. Calculate the greatest common factor of r and u.
12
Let x be 55/(-22)*96/(-10). Calculate the highest common divisor of x and 186.
6
Let y(g) = 7*g - 106. Let x be y(17). What is the greatest common divisor of x and 13?
13
Let y be 5 - (-3402)/49 - (-4)/7. Calculate the greatest common factor of y and 975.
75
Suppose 30 = -11*v + 16*v. Suppose v - 1 = 5*x. What is the highest common factor of 7 and x?
1
Let l(g) = 6*g - 2. Let j be l(-2). Let k = 25 + j. Let y(f) = f - 7. Let a be y(k). Calculate the greatest common factor of 44 and a.
4
Let q(o) = 8*o - 11 + 7*o - 7*o - o**2. Let k be q(6). What is the greatest common divisor of 11 and k?
1
Suppose -2*q - 5 = -15. Suppose -2*k - 21 = 3*y - 55, 51 = q*k - y. Let l = -221 + 243. Calculate the highest common factor of k and l.
11
Let f be (116/6)/(2/3). Suppose -5*n = f + 31. Let o = n + 31. Calculate the highest common factor of 38 and o.
19
Suppose -281 = -15*v + 514. Calculate the greatest common divisor of 477 and v.
53
Let k = -14 - -28. Suppose 2*c - 67 = 3. What is the highest common factor of k and c?
7
Suppose -d - 2*d = 18. Let x(k) = -k**3 - k**2 + 20*k. Let p be x(d). What is the greatest common factor of 24 and p?
12
Let j = 21240 + -21216. Let a be 0 + -2 + 0 + 10. What is the greatest common factor of j and a?
8
Let a = 13 + -8. Suppose k - 4*k + 106 = -o, -o = -a*k + 178. Suppose s = -14 + k. Calculate the highest common divisor of 11 and s.
11
Let m be 3 - (-9 - (-15 + 11)). Suppose 2*o + 4 = o. Let s = 6 + o. Calculate the greatest common divisor of s and m.
2
Suppose 0 = 5*p + 2*b + 8, 2*p - 4 = 4*p + b. Suppose p = -y + 3*y - 66. Suppose -3*k = 38 - 929. What is the greatest common factor of k and y?
33
Suppose 5586 - 1778 = 17*g. What is the greatest common divisor of 8 and g?
8
Suppose n = 11 - 9. Suppose -2*f = o + 7, -n*o - f - f = 16. Let s = o + 15. Calculate the greatest common factor of s and 15.
3
Let d be (-10)/(-4)*984/60. Let g = 418 + -213. Calculate the highest common divisor of g and d.
41
Let o(s) = s**3 - 54*s**2 - s + 220. Let z be o(54). What is the greatest common divisor of 2241 and z?
83
Suppose 3*i - 172 = 122. Calculate the highest common factor of 49 and i.
49
Let y(v) = 58*v**2 + 2*v + 3. Let c be y(-2). Let x be 696/27 + -5 - (-6)/27. What is the highest common factor of c and x?
21
Let c = 31 + 11. What is the highest common factor of c and 56?
14
Let w = 85 + -61. Let i = 527 - 286. Suppose 5*o - 59 = i. Calculate the highest common divisor of w and o.
12
Suppose 0 = -s + i + 993, 9 - 29 = 5*i. What is the greatest common divisor of s and 43?
43
Let b(h) = -6*h**2 + 63*h - 16. Let d be b(10). What is the highest common factor of 350 and d?
14
Suppose o + 7*o - 8 = 0. Let b be o/(420/104 + -4). Let f = 145 - -63. Calculate the greatest common divisor of b and f.
26
Suppose 0 = -17*t + 1522 + 926. What is the greatest common divisor of 27 and t?
9
Let d = 385 - 315. What is the highest common factor of d and 392?
14
Suppose 0 = 5*w - 1 - 9. Let f = 8 + w. Suppose 2*o + o = -2*p + f, 0 = 4*o - p - 17. Calculate the greatest common divisor of o and 28.
4
Let s be (-3 + (-1)/(-2))/(3/(-6)). Suppose 128 = -s*a + 843. Calculate the highest common factor of 22 and a.
11
Let m be (64/12)/(-2 + 2443/1218). What is the highest common factor of 58 and m?
58
Suppose -2*x - 4*b - 676 = 2*x, 5*x + 4*b = -846. Let w = 296 + x. Let c = 68 + -47. What is the highest common divisor of c and w?
21
Let i = 91 + -99. Let a be (50/20)/(2 + 6/i). What is the greatest common divisor of a and 3?
1
Let p(s) = -s - 3. Let k be p(-5). Let q be ((-2)/k)/((-9)/630). Calculate the greatest common divisor of 10 and q.
10
Suppose -4*k - 3*u - 1 = -5*k, 5*k + 5*u = -15. Let j be k*3/(-6) - (-9 - 3). Calculate the greatest common divisor of j and 13.
13
Let g = -2 - -3. Suppose g = 3*z - 5. Suppose -5*p + 6 = j, 5*j - 7*p + 4*p - 30 = 0. Calculate the greatest common factor of j and z.
2
Suppose -5*x - 8*i + 195 = -4*i, -78 = -2*x + 3*i. What is the highest common factor of 351 and x?
39
Let z(u) = 2*u**3 - 4*u**2 - 3*u - 2. Let f be z(6). Let r = f - 169. Let o = r - 69. Calculate the greatest common factor of o and 15.
15
Let l(i) = i**3 + 10*i**2 - 2*i - 62. Let t be l(-9). What is the greatest common factor of 777 and t?
37
Let b(i) = i**3 + 8*i**2 - 11*i - 4. Let t be b(-8). Let h be (-3)/(-15)*5*t. Let r = 13 - -8. What is the greatest common divisor of r and h?
21
Let h(n) = -n**2 - 24*n - 75. Let z be h(-10). What is the highest common divisor of 143 and z?
13
Suppose 5*a + 2*v - 963 = 0, 19*a + 3*v + 213 = 20*a. Suppose b + 40 = 3*k, -2*k + 2*b = -0*k - 20. What is the greatest common divisor of k and a?
15
Let j = 87 + -152. Let s be 5/(-2)*52/j. Let l(g) = 3*g + 1. Let z be l(5). Calculate the greatest common factor of z and s.
2
Let g be